{"id":1116,"date":"2026-02-23T12:55:07","date_gmt":"2026-02-23T12:55:07","guid":{"rendered":"https:\/\/lagazettedelutece.com\/?page_id=1116"},"modified":"2026-02-23T12:55:07","modified_gmt":"2026-02-23T12:55:07","slug":"privacy-policy","status":"publish","type":"page","link":"https:\/\/lagazettedelutece.com\/index.php\/en\/privacy-policy\/","title":{"rendered":"Privacy policy"},"content":{"rendered":"\n<p><\/p>\n\n\n\n<h2 class=\"wp-block-heading has-text-align-center\">Politique de confidentialit\u00e9<\/h2>\n\n\n\n<p class=\"has-background-background-color has-background\">Qui sommes-nous ?<\/p>\n\n\n\n<p class=\"has-small-font-size\">L\u2019adresse de notre site Web est :&nbsp;<a href=\"https:\/\/lagazettedelutece.fr\/\">https:\/\/lagazettedelutece.fr\/<\/a>. <\/p>\n\n\n\n<p class=\"has-background-background-color has-background\">Utilisation des donn\u00e9es personnelles collect\u00e9es<\/p>\n\n\n\n<p class=\"has-small-font-size\">Module de r\u00e9servation en ligne :<\/p>\n\n\n\n<p class=\"has-small-font-size\">Nous utilisons les services de la soci\u00e9t\u00e9 4escape pour g\u00e9rer les r\u00e9servations, vous trouverez plus d\u2019informations concernant leur <a href=\"https:\/\/4escape.io\/politique-de-confidentialite\/\">politique de confidentialit\u00e9 ici<\/a>.<\/p>\n\n\n\n<p class=\"has-small-font-size\">Les informations collect\u00e9es sur notre site via ce module, sont h\u00e9berg\u00e9es et trait\u00e9es par la soci\u00e9t\u00e9 4escape. <\/p>\n\n\n\n<p class=\"has-small-font-size\"><br>Nous utilisons le service en ligne MailJet pour l\u2019envoi de nos mails, vous trouverez plus d\u2019informations concernant leur&nbsp;<a href=\"https:\/\/fr.mailjet.com\/rgpd\/mailjet-conformite-rgpd\/\" target=\"_blank\" rel=\"noreferrer noopener\">politique de confidentialit\u00e9 ici<\/a>.&nbsp;<\/p>\n\n\n\n<p class=\"has-small-font-size\">Des cookies sont utilis\u00e9s sur notre site, vous pouvez, gr\u00e2ce au message affich\u00e9 \u00e0 la premi\u00e8re connexion sur notre site, les accepter (pour 6 mois) ou les refuser. <\/p>\n\n\n\n<p class=\"has-small-font-size\"><strong>Google Analytics :<\/strong><br>Utilis\u00e9 \u00e0 des fins de statistiques de fr\u00e9quentation. Voir leur politique de confidentialit\u00e9&nbsp;<a href=\"https:\/\/www.google.com\/analytics\/learn\/privacy.html?hl=fr\">ici<\/a>.&nbsp;<\/p>\n\n\n\n<p class=\"has-background-background-color has-background\">Les droits que vous avez sur vos donn\u00e9es<\/p>\n\n\n\n<p class=\"has-small-font-size\">Si vous souhaitez conna\u00eetre, modifier ou supprimer les informations personnelles que nous d\u00e9tenons, merci de nous envoyer un email \u00e0 contact@lagazettedelut\u00e8ce.fr. <\/p>\n\n\n\n<p class=\"has-background-background-color has-background\">Informations de contact<\/p>\n\n\n\n<p class=\"has-small-font-size\">Pour tout compl\u00e9ment d\u2019information merci de nous envoyer un email \u00e0 contact@lagazettedelutece.fr. <\/p>\n\n\n\n<p class=\"has-background-background-color has-background\">Comment prot\u00e9geons-nous vos donn\u00e9es ?<\/p>\n\n\n\n<p class=\"has-small-font-size\">Notre site utilise un syst\u00e8me de s\u00e9curit\u00e9 renforc\u00e9 pour \u00e9viter le piratage d\u2019information : antivirus, firewall, anti brute force\u2026<br>Nous limitons au maximum l\u2019acc\u00e8s aux donn\u00e9es de nos sites. <\/p>\n\n\n\n<p class=\"has-background-background-color has-background\">Proc\u00e9dures mises en \u0153uvre en cas de fuite de donn\u00e9es<\/p>\n\n\n\n<p class=\"has-small-font-size\">Nous utilisons un syst\u00e8me d\u2019alerte via email en cas de connexion \u00e0 l\u2019administration de notre site et nous pouvons donc intervenir dans les meilleurs d\u00e9lais pour d\u00e9sactiver le site si besoin.<\/p>\n","protected":false},"excerpt":{"rendered":"<p>Politique de confidentialit\u00e9 Qui sommes-nous ? L\u2019adresse de notre site Web est :&nbsp;https:\/\/lagazettedelutece.fr\/. Utilisation des donn\u00e9es personnelles collect\u00e9es Module de r\u00e9servation en ligne : Nous utilisons les services de la soci\u00e9t\u00e9 4escape pour g\u00e9rer les r\u00e9servations, vous trouverez plus d\u2019informations concernant leur politique de confidentialit\u00e9 ici. Les informations collect\u00e9es sur notre site via ce module, [&hellip;]<\/p>\n","protected":false},"author":1,"featured_media":0,"parent":0,"menu_order":0,"comment_status":"closed","ping_status":"closed","template":"templates\/template-full-width.php","meta":{"footnotes":""},"class_list":["post-1116","page","type-page","status-publish","hentry"],"_links":{"self":[{"href":"https:\/\/lagazettedelutece.com\/index.php\/wp-json\/wp\/v2\/pages\/1116","targetHints":{"allow":["GET"]}}],"collection":[{"href":"https:\/\/lagazettedelutece.com\/index.php\/wp-json\/wp\/v2\/pages"}],"about":[{"href":"https:\/\/lagazettedelutece.com\/index.php\/wp-json\/wp\/v2\/types\/page"}],"author":[{"embeddable":true,"href":"https:\/\/lagazettedelutece.com\/index.php\/wp-json\/wp\/v2\/users\/1"}],"replies":[{"embeddable":true,"href":"https:\/\/lagazettedelutece.com\/index.php\/wp-json\/wp\/v2\/comments?post=1116"}],"version-history":[{"count":1,"href":"https:\/\/lagazettedelutece.com\/index.php\/wp-json\/wp\/v2\/pages\/1116\/revisions"}],"predecessor-version":[{"id":1117,"href":"https:\/\/lagazettedelutece.com\/index.php\/wp-json\/wp\/v2\/pages\/1116\/revisions\/1117"}],"wp:attachment":[{"href":"https:\/\/lagazettedelutece.com\/index.php\/wp-json\/wp\/v2\/media?parent=1116"}],"curies":[{"name":"wp","href":"https:\/\/api.w.org\/{rel}","templated":true}]}}